{"id":453,"date":"2011-08-01T15:58:10","date_gmt":"2011-08-01T15:58:10","guid":{"rendered":"http:\/\/www.hk-arbeitssicherheit.com\/?page_id=5"},"modified":"2025-11-06T11:26:26","modified_gmt":"2025-11-06T11:26:26","slug":"arbeitssicherheit","status":"publish","type":"page","link":"https:\/\/www.hk-arbeitssicherheit.com\/sifa\/","title":{"rendered":"Arbeitssicherheit"},"content":{"rendered":"<p><strong>Thomas Hachulski<\/strong> bietet umfassende Leistungen, nat\u00fcrlich auch\u00a0 <a href=\"https:\/\/www.hk-arbeitssicherheit.com\/sifa\/video-konferenzen-webinare-online-seminare-asa-sitzungen-und-unterweisungen\/\">online<\/a> &#8211; im Bereich Arbeitssicherheit und Arbeitsschutzorganisation, sowie Brandschutz und Brandschutzhelfer-Schulung und Schulung von Sicherheitsbeauftragten in Dortmund, Kreis Unna, Hamm und im Gro\u00dfraum Ruhrgebiet und Nordrhein-Westfalen, NRW, sowie im gesamten Bundesgebiet.<\/p>\n<p><img class=\"aligncenter\" src=\"https:\/\/www.hk-arbeitssicherheit.com\/sifa\/wp-content\/uploads\/2018\/03\/Zert-Logo-9001_2015-V-1_0.png\" align=\"middle\" \/><\/p>\n<h3>Arbeitssicherheit, Arbeitsschutz, Arbeitsschutz-Management-System (AMS)<\/h3>\n<p>Der Unternehmer hat Betriebs\u00e4rzte und Fachkr\u00e4fte f\u00fcr Arbeitssicherheit zur Wahrnehmung der in den \u00a7\u00a7 3 und 6 des ASiG bezeichneten Aufgaben zu bestellen.<\/p>\n<p>Unternehmen sch\u00fctzen damit aber nicht nur Ihre Mitarbeiter vor Unf\u00e4llen und gesundheitlichen Gefahren, sie sch\u00fctzen auch sich selbst vor finanziellen Sch\u00e4den, denn jeder Ausfall eines Mitarbeiters zieht Kosten nach sich.<\/p>\n<h5>HK-Arbeitssicherheit ist f\u00fcr Sie da, um diese Sch\u00e4den zu vermeiden und den Menschen an seinem Arbeitsplatz vor Gefahren zu sch\u00fctzen.<\/h5>\n<p>Der Arbeitsschutz im Unternehmen gewinnt immer mehr an Bedeutung. <a href=\"https:\/\/www.hk-arbeitssicherheit.com\/sifa\/kontakt\/\">Setzen Sie sich mit uns Verbindung<\/a>.<\/p>\n<a href=\"https:\/\/www.hk-arbeitssicherheit.com\/sifa\/leistungen\/\" class=\"large otw-blue square otw-button\"><i class=\"general foundicon-plus\"><\/i>Weitere Informationen \u00fcber gesetzliche Anforderungen und die von uns angebotenen Leistungen im Detail<\/a>\n","protected":false},"excerpt":{"rendered":"<p>Thomas Hachulski bietet umfassende Leistungen, nat\u00fcrlich auch\u00a0 online &#8211; im Bereich Arbeitssicherheit und Arbeitsschutzorganisation, sowie Brandschutz und Brandschutzhelfer-Schulung und Schulung von Sicherheitsbeauftragten in Dortmund, Kreis Unna, Hamm und im Gro\u00dfraum Ruhrgebiet und Nordrhein-Westfalen, NRW, sowie im gesamten Bundesgebiet. Arbeitssicherheit, Arbeitsschutz, Arbeitsschutz-Management-System (AMS) Der Unternehmer hat Betriebs\u00e4rzte und Fachkr\u00e4fte f\u00fcr Arbeitssicherheit zur Wahrnehmung der in den &hellip; <\/p>\n<p class=\"link-more\"><a href=\"https:\/\/www.hk-arbeitssicherheit.com\/sifa\/\" class=\"more-link\"><span class=\"screen-reader-text\">\u201eArbeitssicherheit\u201c<\/span> weiterlesen<\/a><\/p>\n","protected":false},"author":3,"featured_media":0,"parent":0,"menu_order":0,"comment_status":"closed","ping_status":"open","template":"","meta":[],"_links":{"self":[{"href":"https:\/\/www.hk-arbeitssicherheit.com\/sifa\/wp-json\/wp\/v2\/pages\/453"}],"collection":[{"href":"https:\/\/www.hk-arbeitssicherheit.com\/sifa\/wp-json\/wp\/v2\/pages"}],"about":[{"href":"https:\/\/www.hk-arbeitssicherheit.com\/sifa\/wp-json\/wp\/v2\/types\/page"}],"author":[{"embeddable":true,"href":"https:\/\/www.hk-arbeitssicherheit.com\/sifa\/wp-json\/wp\/v2\/users\/3"}],"replies":[{"embeddable":true,"href":"https:\/\/www.hk-arbeitssicherheit.com\/sifa\/wp-json\/wp\/v2\/comments?post=453"}],"version-history":[{"count":53,"href":"https:\/\/www.hk-arbeitssicherheit.com\/sifa\/wp-json\/wp\/v2\/pages\/453\/revisions"}],"predecessor-version":[{"id":1058,"href":"https:\/\/www.hk-arbeitssicherheit.com\/sifa\/wp-json\/wp\/v2\/pages\/453\/revisions\/1058"}],"wp:attachment":[{"href":"https:\/\/www.hk-arbeitssicherheit.com\/sifa\/wp-json\/wp\/v2\/media?parent=453"}],"curies":[{"name":"wp","href":"https:\/\/api.w.org\/{rel}","templated":true}]}}